*2 + 8*o - 15. Let w be m(-5). What is the highest common factor of w and 2040?
20
Let h(j) = -7*j**2 + 63*j - 12. Let o be h(6). What is the greatest common factor of 152 and o?
38
Let p(g) = -2*g**3 - 122*g**2 - 120*g + 4. Let n be p(-60). What is the greatest common factor of n and 212?
4
Let a(m) = 27*m**2 + 1. Let h be a(-1). Let v be 7/h - (-1 + 748/(-16)). Calculate the highest common divisor of v and 2.
2
Let m(o) = o**2 - 4*o - 7. Let f be m(8). Calculate the greatest common factor of 10 and f.
5
Let f(x) = x - 5. Let r be f(4). Let s be r*((-2)/(-2) - 32). Calculate the greatest common factor of 124 and s.
31
Suppose 0 = 5*v + 5, 2*j = -3*j - v + 49. Calculate the highest common divisor of 20 and j.
10
Let n be 2 + 22055/66 - 1/6. Calculate the greatest common divisor of 28 and n.
28
Let h be ((-8)/(-10))/(9 - (-9978)/(-1110)). Suppose h = 6*y + 32. What is the greatest common factor of 63 and y?
7
Suppose 26 = 16*v - 14*v. What is the greatest common factor of v and 169?
13
Suppose 89 = -9*x + 350. Suppose -x = -h - 0*a + 4*a, -5*h + 124 = a. Calculate the greatest common factor of h and 25.
25
Suppose c + 9 = 2*c. Suppose -5*p + 12 = 2. Suppose -p*h = 2*h - 288. Calculate the highest common divisor of h and c.
9
Suppose -4*y + 10 = -2*y. Suppose -y*z + d + 60 = -0*d, -25 = 5*d. Let v = -24 - -25. What is the greatest common divisor of v and z?
1
Suppose j - 2 = 12. Suppose -30 = -3*a - 5*b, a + a + 2*b = 16. Suppose 0 = a*n - 300 - 190. What is the highest common factor of n and j?
14
Suppose 924 = o - 186. Calculate the highest common factor of 10 and o.
10
Let b(d) = -161*d**3 + 2*d**2 + 2*d. Let w be b(-2). Let z be (-8)/(-28) - w/14. Let q be z/(-6) + 14/21. What is the highest common factor of q and 8?
8
Let d(v) = -7*v**3 + 6*v**2 + 8*v. Let f be d(-4). Suppose 5*s - 634 = -p, 10*s - f = 6*s - 2*p. Calculate the greatest common divisor of 14 and s.
14
Let c = 512 + -474. Calculate the greatest common factor of c and 228.
38
Let b(f) = 6*f + 2*f**2 - 32 + 7 + 15. Let c be b(5). Calculate the greatest common factor of 14 and c.
14
Suppose 10*x - 3256 = 2*x. Calculate the highest common divisor of 22 and x.
11
Let d(v) = -20 + 43 - 11 + v - 17. Let a be d(6). Calculate the greatest common divisor of a and 8.
1
Let d = -96 + 99. What is the greatest common factor of d and 48?
3
Let w = 66 + 74. Suppose 4*f + 4*b - w = 8, f + 2*b - 41 = 0. Let p = 15 + -4. What is the greatest common divisor of p and f?
11
Let i(p) = p**3 + 16*p**2 - p - 11. Let x be i(-16). Suppose x*g - 470 + 142 = -t, t - 3 = 0. Calculate the greatest common factor of g and 5.
5
Suppose 2*q + 84 = 3*l, l = -0*l + 5*q + 41. Let r(g) = -g**3 + 5*g**2 + 4*g + 4. Let b be r(-5). Calculate the highest common factor of l and b.
26
Suppose 5*a = -a + 4*a. Suppose x - 46 - 50 = a. What is the greatest common divisor of 24 and x?
24
Let k(d) = 27*d - 1. Let a be k(2). Let x = 57 - a. What is the highest common factor of x and 44?
4
Suppose 0 = -3*x - 9. Let c be (-14 + 0 + 0 + x)*-8. Let d = -17 - -34. What is the highest common divisor of c and d?
17
Suppose 2*p = -10, 5*p + 761 = -v + 5*v. Calculate the greatest common divisor of v and 23.
23
Suppose -3*a - 2*a = 530. Let h = 162 + a. What is the greatest common factor of h and 7?
7
Suppose -3*x = -7*x + s + 143, 3 = 3*s. What is the greatest common factor of x and 702?
18
Let m = -6 + 10. Suppose -3*n + 2*u = 4, -5*n + m = -u + 6. Suppose 14 = l - n*l. Calculate the highest common divisor of 70 and l.
14
Let x(n) = -18*n - 6. Let f(r) = r + 1. Let v be f(-5). Let u be x(v). Let p(c) = 119*c + 125. Let y be p(-1). Calculate the highest common factor of y and u.
6
Let k = 1055 + -271. What is the greatest common divisor of 32 and k?
16
Let y be (42/8)/((-9)/(-24)). Suppose 0 = -5*s + 4 - 114. Let g = 36 + s. What is the highest common factor of g and y?
14
Suppose s + 2*s - 108 = 0. Let m be 60/27 - 8/s. Suppose -4*z - 47 = -2*b - b, m*b - 4*z = 38. Calculate the highest common divisor of b and 6.
3
Suppose 317 = 5*m - 113. What is the greatest common factor of m and 129?
43
Let w(u) = -6*u**2 - 3*u - 4. Let a be w(-2). Let g = 42 + a. Suppose g*q - 18*q = 16. What is the highest common divisor of q and 40?
8
Let j be (-104)/(-2)*(-1)/(-2). Suppose 0 = 102*g - 108*g + 18. Suppose -2*c = 4*o - 22, o - g*c + 3 = j. What is the highest common divisor of 56 and o?
8
Suppose 9*y + 594 = 36*y. What is the highest common divisor of 308 and y?
22
Suppose 0 = 8*m - 3*m - 220. Suppose -m = -3*d - z - 3*z, 2*d + z - 21 = 0. Calculate the highest common factor of 40 and d.
8
Let q be 6/(-4) - (-500)/8. Suppose u - 65 = -q. Suppose -4*a - 8 = -5*a. What is the greatest common factor of u and a?
4
Let l(g) = -5*g**3 - 4*g**2 + 4*g + 1. Let m(c) = -c**3 + c - 1. Let b(i) = l(i) - 4*m(i). Let r be b(-4). What is the greatest common divisor of r and 55?
5
Suppose 20 + 43 = 9*j. What is the greatest common divisor of j and 63?
7
Suppose 0 = 45*h - 61*h + 240. Let p be 1*2/(-3)*-15. Calculate the highest common factor of h and p.
5
Let j(r) be the second derivative of -r**4/12 + 2*r**3/3 + 9*r**2/2 - 5*r. Let i be j(5). Calculate the highest common factor of i and 28.
4
Let x be 7 - (-9 - -6) - -1043. What is the highest common divisor of 13 and x?
13
Let p(i) = -6*i - 48. Suppose 0 = -5*y - 2*l - 87, 0 = 2*y + 6*l - 3*l + 37. Let z be p(y). Calculate the highest common factor of 135 and z.
27
Let r = -7 + 4. Let q be 0 - (-3 - -1) - r. Suppose 52 + 8 = q*v. What is the greatest common factor of v and 18?
6
Let c be (6/10 - 1) + (-54648)/(-220). Calculate the greatest common divisor of 31 and c.
31
Suppose a + 5*c - 14 = 0, -3*a + 3 = 3*c + 9. Let g be -4*((-15)/a + -2). Let l be (-12)/(2*1/g). Calculate the greatest common divisor of 132 and l.
12
Suppose 3406 + 3104 = 14*g. Calculate the greatest common divisor of 6 and g.
3
Suppose -42 = -5*k + 2073. What is the highest common divisor of k and 47?
47
Let y be -2*112/(-21)*3/2. What is the greatest common factor of y and 784?
16
Suppose z + 2*p - 3*p - 1 = 0, 0 = 2*p - 2. Suppose -z*a + 4*k = k - 67, -5*a - 5*k + 155 = 0. Let v = 2 + 6. What is the greatest common factor of v and a?
8
Let k(o) = 20*o + 161. Let c(x) = -4*x - 32. Let a(b) = -11*c(b) - 2*k(b). Let r be a(-6). Calculate the highest common factor of 66 and r.
6
Suppose o - 30 - 18 = 0. Suppose -3*x + o = -3*t, 5*x - 3*t + 7*t - 44 = 0. Let c = -301 - -305. Calculate the highest common factor of c and x.
4
Let a = 8 + -9. Let h(t) = -5*t**3 - 2*t**2 - 2*t - 1. Let j be h(a). Suppose 1 = -2*l + l, -4*l + 20 = j*s. What is the greatest common factor of s and 48?
6
Let t be 3*5 + -45 + 50. What is the greatest common factor of t and 170?
10
Suppose -22*r = -24*r + u + 3779, -3*r + 5656 = -4*u. Calculate the highest common divisor of 22 and r.
22
Suppose -5*j + 6*z + 4 = 8*z, 3*j - 12 = 2*z. Suppose 4 = -j*r, -200 - 396 = -2*a + r. What is the highest common factor of a and 27?
27
Suppose v = 147 - 13. Let s(d) = 2*d + 22. Let t be s(-11). Suppose 5*g - n = v, 4*n + t*n - 112 = -4*g. Calculate the greatest common divisor of 9 and g.
9
Let s = 914 - 844. Calculate the greatest common factor of s and 154.
14
Suppose -7 = 3*z + 35. Let k = 17 + z. Suppose 2*x = k*x - 90. What is the highest common divisor of 10 and x?
10
Let p(r) = 3*r**2 - r + 4. Let u be p(0). Let i be u/26 + 5/((-65)/(-89)). What is the greatest common divisor of 84 and i?
7
Let i(s) = s**3 - 25*s**2 - 25*s - 22. Let u be i(26). Suppose 29 = 2*q + c - 36, 2*q - 5*c - 59 = 0. Calculate the greatest common factor of q and u.
4
Let z be ((-11)/5)/(36/(-900)). What is the greatest common divisor of 165 and z?
55
Let k be (9/15)/((-20992)/3000 + 7). What is the greatest common factor of k and 30?
15
Let v be -20*(0 - (-4)/(-5)). Suppose -3*c - 403 = 37*s - 42*s, -3*s - c = -239. Calculate the highest common divisor of v and s.
16
Let j(l) = -4*l**2 + 101*l - 19. Let t be j(25). What is the highest common divisor of t and 294?
6
Let q = 67 - 63. Let i be 10/(-4)*24/(-20). What is the greatest common divisor of i and q?
1
Let x = 9 + 66. Let m = 3721 - 3716. Calculate the greatest common factor of x and m.
5
Suppose 49 = -7*i + 259. What is the greatest common fa